Suppose 0 = 4*s - 5*n - 329, -l*s + d*n + 167 = -3*n. What are the prime factors of s?
3
Let w(x) = 13*x**3 + 7*x**2 + 6*x + 3. Let p be w(6). Suppose -6*o + p = -3243. What are the prime factors of o?
7, 151
List the prime factors of 3/(((-4)/(-60)*3)/(57692/60)).
14423
Let h(u) = 22*u - 12. Suppose 0 = 2*s - 5*s + 6. Suppose 0*l + 3*z + 16 = 5*l, 0 = 2*l - s*z - 4. What are the prime factors of h(l)?
2, 7
Let n = 27 + -24. Suppose -p = n*u - 2*p - 12, 4*u - p = 16. Suppose 2*x = u*y - 84, y - x - 23 = -0*x. What are the prime factors of y?
19
Suppose -2905*c + 8394 = -2903*c. What are the prime factors of c?
3, 1399
Suppose -8*w + 7*w + 15 = 0. Suppose -6*y = -y - w, -y - 8 = -n. Let z = 170 - n. List the prime factors of z.
3, 53
Let k = 5931 - 3011. What are the prime factors of k?
2, 5, 73
Let f(k) = 3*k**2 + 3*k - 30. Let g be f(9). Let u = -102 + g. Let v = -96 + u. What are the prime factors of v?
2, 3, 7
Let p(k) be the third derivative of 119*k**5/60 - 84*k**2. List the prime factors of p(1).
7, 17
Let p be 194 + 6 - (-1 - -1). Suppose 5*j - 7*j - 4 = -f, -5*f + j + 2 = 0. Suppose f = -3*o + 4*b + p, -2*o + 344 = 3*o + 4*b. What are the prime factors of o?
2, 17
Let r(u) be the second derivative of u**5/20 - u**4/12 + u**2 - 24*u. Let m be r(-1). Let p = m + 95. List the prime factors of p.
5, 19
Suppose -3792 = -5*j - i, -25*j = -23*j - 2*i - 1512. What are the prime factors of j?
2, 379
Let r(o) = 2*o + 3*o**3 - 7 - 2*o**3 + 6*o**2 - 5*o + o. Let f be r(-6). Suppose -i = -4*q + 299, -4*q + 298 = 3*i - f*i. List the prime factors of q.
3, 5
Let z(y) = 230*y + 2621. What are the prime factors of z(33)?
10211
Let u = 13 - 10. Suppose 5*b - 10 = 4*p, u*b - 2 = 2*b + 4*p. Suppose b*t = -t - 2*i + 260, 4*t + 3*i - 346 = 0. What are the prime factors of t?
2, 11
What are the prime factors of 6537/(7 + 25/(-4))?
2, 2179
Let c = 26805 + 27484. List the prime factors of c.
233
Let v = -9 + 4. Let m(k) = 7*k**2 + 5*k - 5 - 13*k**3 + 14*k**3 + 4 - 5 + 4. What are the prime factors of m(v)?
23
Suppose -47*a = -16*a - 124. Suppose -p + 1214 = p - a*k, p + k - 610 = 0. What are the prime factors of p?
3, 7, 29
Let d = -75 + 69. Let c be d + 17/(-5) + (-12)/(-30). Let l(p) = 2*p**3 + 20*p**2 + p - 5. List the prime factors of l(c).
2, 37
Let s = -58232 + 111326. What are the prime factors of s?
2, 3, 8849
Let m(w) = 2*w**3 - 27*w**2 + 17*w + 10. Let r(j) = j**3 - 5*j**2 + 9*j - 6. Let k be r(4). List the prime factors of m(k).
2, 3, 37
Let p(d) = d**3 + 14*d**2 + 2*d + 28. Let i be p(-14). Suppose -2*w = -3*t - i*t + 1299, -4*t = w - 1743. List the prime factors of t.
3, 5, 29
Let l = -41 - -107. Suppose l = -5*h + 106. Suppose 882 = h*u - 1534. List the prime factors of u.
2, 151
What are the prime factors of 3195 - 41/(615/90)?
3, 1063
Let h = 7875 - -8857. What are the prime factors of h?
2, 47, 89
Suppose -436*y + 431*y = -4*m + 17757, 0 = 2*m - 3*y - 8879. What are the prime factors of m?
2, 7, 317
Suppose 0 = 5*q - 5*u - 27825, 28 = 50*u - 54*u. What are the prime factors of q?
2, 7, 397
List the prime factors of 3511/(356/(-24) - -15).
2, 3, 3511
Let h(x) = 585*x + 465. List the prime factors of h(28).
3, 5, 1123
Let x be (-4)/(-14) + 152/56. Let y be (-66)/(-12) + x/6. What are the prime factors of (45/y)/(9/84)?
2, 5, 7
Let l be 0/((-3 - -2)/(1 + -2)). Let d(s) = -s**2 - 4*s + 5. Let j be d(l). Suppose 0 = -j*q + 789 + 6. What are the prime factors of q?
3, 53
Let r(w) = 10*w**3 + 2*w**2 - 1. Let t be r(-1). Let i(n) = -11*n - 5. Let m be i(t). Let d = 109 - m. What are the prime factors of d?
3, 5
Suppose 2*n = -3*p - 1240, 4*n - 385 = p - n. Let l = -175 - p. What are the prime factors of l?
5, 47
What are the prime factors of 96/4*((-3)/(-2))/(30/1355)?
2, 3, 271
Let h be 2/(-7) - 27666/42. List the prime factors of (h/(-2))/(5 - 63/14).
659
What are the prime factors of (0 - -1) + 9/(-10) + 97513156/8840?
3, 3677
Let w(g) = 7*g**3 - 3*g**2 - 22*g + 98. Let q be w(6). Let y = q + -671. List the prime factors of y.
3, 233
Suppose -6*z - 24 = 0, -68*y + 65*y + 35830 = 5*z. List the prime factors of y.
2, 5, 239
Suppose t + 2*x - 1216 = -2*t, 4*x = -5*t + 2028. Let u = -168 + t. What are the prime factors of u?
2, 59
Let l be 235*(-4)/(-28) - 12/(-28). Let o be 31 - (-4 - -2) - (l - 37). Let u = o + 68. What are the prime factors of u?
2, 13
Suppose -4*h - u = -6*u + 55, 90 = -5*h + 2*u. Let j be 3 + 12/h + (-4)/10. Suppose q + j*k = 21, 3*k + 10 = -2*k. List the prime factors of q.
5
Suppose -8*u + 1329 = -159. Suppose -p + 216 = -5*y, -p - 7*y + u = -2*y. List the prime factors of p.
3, 67
Let m = 5382 + 811. List the prime factors of m.
11, 563
Let o(g) be the first derivative of 2*g**3/3 + 4*g**2 - 12*g + 1. Let n(r) = 91*r - 2541. Let v be n(28). List the prime factors of o(v).
2, 71
Let m(g) = 9*g**2 + g + 2. Let c be m(-2). Let t = -107 - -76. Let r = t + c. What are the prime factors of r?
5
Let b = -334 + 255. Let x = 135 + b. List the prime factors of x.
2, 7
Let y(m) = -1898*m + 52. List the prime factors of y(-11).
2, 5, 7, 13, 23
List the prime factors of 24631 + 125/(-5) + 8*1.
2, 31, 397
Suppose 37 = 4*c - d, -2*c + 35 = 2*d + 3*d. Suppose -t = -2*w + 5*w - 11, 2*w = 3*t. List the prime factors of 1/w*1380/c.
2, 23
Suppose 395*l - 2437309 - 726111 = -741675. List the prime factors of l.
6131
Suppose -2*u + 6*u + 5*v - 20 = 0, 20 = 5*v. Suppose u = -2*i - 10*i + 20220. What are the prime factors of i?
5, 337
Let s(d) = 1114*d - 50. Let t be s(-1). List the prime factors of -12*1/(-3)*t/(-16).
3, 97
Let f = 159 + -93. Let y be -4 - (-24276)/f - 2/(-11). Suppose -4*q + 6*u + y = u, u - 182 = -2*q. What are the prime factors of q?
7, 13
Let r(c) = -1. Let o(u) = u - 5. Let y(n) = -o(n) + 3*r(n). Let t be y(-4). Suppose -t*b = -59 - 121. List the prime factors of b.
2, 3, 5
Let p(k) = 12*k**2 - 20*k + 4. Let w be p(8). Suppose 7*n = 1474 + w. What are the prime factors of n?
2, 149
Let p(s) = -112*s + 110. List the prime factors of p(-22).
2, 3, 11, 13
List the prime factors of (-88656)/(-60)*(-680)/(-17).
2, 1847
Suppose 4*q - 16*y + 15*y = -68449, 3*q = -4*y - 51332. What are the prime factors of (1/1)/((-69)/q)?
2, 31
Suppose -2*k + 3*o = -4057, 19*o - 10151 = -5*k + 18*o. Suppose 105*w = 91*w + k. What are the prime factors of w?
5, 29
Let o = 51 + -51. Suppose -2*u - 5*d = -11, -4*d + 40 = 4*u - o*u. Suppose 0 = u*r - r - 204. What are the prime factors of r?
17
Let x(h) be the first derivative of 14*h**3/3 + h**2 + 4*h - 98. Let y be (-2)/(-1)*(6 + -7). What are the prime factors of x(y)?
2, 7
Let r be (8/(-3))/(7/(-126)). Let b(v) = r*v + 34 - 2 - 42*v. What are the prime factors of b(10)?
2, 23
Let i = 19 - 15. Suppose 0 = -4*p + 3*h + 404 + 688, 3*p + i*h - 819 = 0. Let z = -80 + p. List the prime factors of z.
193
Suppose 5*b = 5*q - 44880, -2*q = 32*b - 27*b - 17952. List the prime factors of q.
2, 3, 11, 17
Suppose 4*n = 7599 - 2803. List the prime factors of n.
11, 109
Let v = -12724 - -20677. What are the prime factors of v?
3, 11, 241
List the prime factors of ((-6)/(-30)*-25)/((-3)/2946).
2, 5, 491
Suppose 11*d - 16*d + 5*m + 30 = 0, -5*d + 28 = -3*m. Let i be 1/(10/4 + -2). Suppose i*j + d*j = 476. What are the prime factors of j?
2, 17
Let z(h) = -17*h + 85. Let u be z(5). Suppose u = -138*x + 150*x - 5028. List the prime factors of x.
419
Let y = 33897 - 24153. List the prime factors of y.
2, 3, 7, 29
Suppose -4*p - 4 + 16 = 4*t, -5*t + 7 = p. What are the prime factors of t/((12/135)/(4/3))?
3, 5
Suppose -m - 632 = -2*m. Let q = -2804 - -2808. Suppose m = -0*w + q*w. List the prime factors of w.
2, 79
Suppose -2*q = 2*k - 54164, -3*k - 10 - 5 = 0. What are the prime factors of q?
3, 9029
Suppose -750 = -4*r + 9*r. Let c = r - -37. Let i = -21 - c. List the prime factors of i.
2, 23
Let d be 4*(-1 + 87/(-6)) - 2. Let u = -72 - d. What are the prime factors of -162*9/(108/u)?
2, 3
Suppose 30*i = 32*i + 18. List the prime factors of (i/(-4))/(4*(-7)/(-1344)).
2, 3
Let g = 532 - 505. Suppose 222 - g = 15*i. List the prime factors of i.
13
Suppose -3*w + 2*w = 3*k - 48695, 4*w - 16206 = -k. List the prime factors of k.
2, 8117
Suppose -4759*y + 4764*y = 15175. What are the prime factors of y?
5, 607
Let s = -